s c(j) composite?
True
Suppose 0*t - 2520 = -3*t - 3*k, -3*t = 2*k - 2518. Is t + (12/(16/4) - 0) a composite number?
True
Suppose 5*r + 4*m = -47669, 4*r + m + 7271 = -30873. Let k = r - -13820. Is k a composite number?
False
Let m(v) = -40*v**3 - 34*v**2 - 42*v - 29. Let r(x) = 8*x**3 + 7*x**2 + 8*x + 6. Let l(z) = 2*m(z) + 11*r(z). Is l(5) prime?
False
Let o(p) be the second derivative of -455*p**3/3 - 157*p**2/2 + 102*p. Is o(-8) a prime number?
False
Let i be -15784*(-13)/(-78)*-3. Let w = 0 - -2. Suppose 2*d - h - i = -3*h, -w*h - 11823 = -3*d. Is d a composite number?
False
Let y = -150 - -168. Suppose 0 = -y*h + 5580 - 54. Is h composite?
False
Suppose l = -u - 6591, -3*l + u = -7521 + 27274. Let a = 9623 + l. Is a a composite number?
False
Suppose 171 = -5*o + n, -4*o = -7*o + 4*n - 89. Let r(d) = 12*d**2 + 40*d + 91. Is r(o) a composite number?
True
Let i(v) = -39*v - 116. Let m be i(-3). Is (-4196)/12*(-2 - m) a composite number?
False
Suppose 4*z - 14 = -3*y, -17*y = 2*z - 15*y - 6. Is (-573)/((-901)/(-1445) - 4/z) a prime number?
False
Let p = 2096502 + -1098809. Is p composite?
False
Is (-1238841)/(-136) - (-6)/(-48) a prime number?
True
Let h(o) = -2*o + 54. Let z be h(23). Is (38/4)/(4/z) composite?
False
Let s(t) = -2*t - 1. Let a = -45 - -48. Suppose -p - p - a*q - 23 = 0, 2*q + 26 = -2*p. Is s(p) composite?
False
Suppose 39*b = 17*b + 1446566. Is b composite?
True
Let u be ((-1)/6)/((-51)/181458). Let m(s) = 58*s - 8. Let p be m(-7). Let y = u + p. Is y prime?
True
Suppose 2*k = 2*q, -5*k - 8 = -2*q - 7*k. Suppose 2*g - 38996 + 5804 = 5*s, q*s + 66400 = 4*g. Is g a composite number?
True
Suppose 36*v - 572 = -16*v. Let g(d) = 2*d**3 - 13*d**2 + 29*d - 51. Is g(v) composite?
True
Suppose -37*o + 3161299 + 312520 = 0. Is o a prime number?
True
Suppose -6*l = -7*l + 2, -5*g - 5*l = 18135. Let b = g + 5710. Is b prime?
True
Suppose 0 = 3*m - 0*m. Suppose -5*j - v + 19 + 24 = m, 2*j - 28 = -4*v. Is (-456)/j*(-87)/9 composite?
True
Let u(x) = 23*x**2 - 80*x - 33. Is u(8) a composite number?
True
Suppose -4*g - 4*j + 233208 = 0, 0 = -375*g + 372*g - j + 174900. Is g prime?
False
Let f(w) = 9*w - 16 + 3*w**2 + 22 - 13. Is f(-13) a composite number?
False
Let u = 16040 + -11553. Is u a composite number?
True
Is (9/6 - 1) + (-457905)/(-2) a prime number?
True
Let s(n) = n**3 - 47*n**2 + 56*n - 695. Is s(59) composite?
False
Suppose -2*f + 241 = 4*j - 5*f, 128 = 2*j - 4*f. Let c = j - 58. Suppose 2*g + 6 + c = 0, -4*g + 665 = b. Is b prime?
True
Let t be (-89988)/9*-1 + (-7)/(-21). Suppose -t - 11785 = -8*y. Is y composite?
True
Suppose 121*n = -242*n + 120*n + 100841355. Is n composite?
True
Let u be (-8)/(-6)*(6 + -18). Let j = u - -94. Suppose -13*p = -15*p + j. Is p a composite number?
True
Suppose -5*p - 16*o - 7177 = -20*o, 0 = 2*p - 4*o + 2866. Let k(f) = 51*f**2 + 8*f - 9. Let a be k(-7). Let n = a + p. Is n prime?
True
Let f(g) = 6*g**2 - 3*g + 23. Suppose -3*l - 3*m = -54, l + m + 78 = 6*l. Is f(l) a prime number?
True
Let v be (-82)/(-8) - 3/12. Let x = 136 + -77. Suppose -v*o + 289 = x. Is o composite?
False
Let v(f) = -27*f**3 + f**2 + f - 2. Let u be v(-2). Suppose 0 = u*c - 212*c - 38644. Is c a composite number?
False
Let w = -107 - -103. Let d be (10/2 + w)*-3. Is 29/9 + d + 21830/18 composite?
False
Let v(u) = 1091*u**2 + 11*u - 121. Is v(-6) a prime number?
True
Let w(p) = 15*p**3 + 11*p**2 + 23*p + 12. Let s be w(-9). Is (s - (2 + 2))*-1 prime?
True
Let c = 387 + -375. Is -1 + (-48391)/(-42) + (-2)/c composite?
False
Let h(o) = 24*o**3 - 55*o**2 - 10*o + 73. Is h(14) prime?
True
Let j be 76/16 + 1/4. Let s(z) = -z**2 + 7*z - 10. Let y be s(j). Suppose v + 4 = 0, 5*x - x - 4*v - 10004 = y. Is x prime?
False
Let c(l) = l + 6. Suppose g + 5 = -2*f + 3*f, -1 = -4*g - 3*f. Let i be c(g). Suppose 5*q - 5193 = -i*b + 4368, 0 = -2*q + 3*b + 3829. Is q composite?
False
Let a(w) = 23 + 71 + 188*w - 159*w - 20 + 284*w. Is a(5) prime?
False
Let j(z) = -z**3 - z**2 + 2*z - 474. Let t be j(0). Let q be 6 + 2/(4 - 5) - t. Let c = q + 499. Is c a composite number?
False
Let a = 167 + -165. Suppose -2*d + 8310 = f, -a = -3*d + 4. Is f a composite number?
True
Let r = 76311 - 8144. Is r prime?
False
Let i be -4 + (3117 - (-12)/(-4) - 3). Let j = i - 2193. Suppose -2*z + 618 = h, 4*z = 4*h + j + 298. Is z a prime number?
True
Suppose -25*n = -5234535 - 34835890. Is n a prime number?
True
Let d(k) = k - 2. Let j be d(2). Is j - 151/((24/(-28))/6) prime?
False
Let s(v) = 90*v**2. Let z(g) = -g**3 + 6*g**2 - 2*g + 14. Let u be z(6). Let a be s(u). Let l = 625 - a. Is l a prime number?
False
Let u = 169 - 164. Let z be 2/8 + (-2)/(16/(-15630)). Suppose -1171 = -d - u*g, -5*g + 1599 = 3*d - z. Is d a prime number?
False
Let v(u) = -u + 28. Let i = -42 + 61. Let x be v(i). Is 483 - (-6)/x*3 composite?
True
Let j(g) be the second derivative of 11/6*g**4 - 1/20*g**5 - 23/2*g**2 + 0 + 13/6*g**3 + 19*g. Is j(21) prime?
True
Let n(v) = v**2 + 2*v + 5363. Let o be 0/4*(-2)/4. Is n(o) prime?
False
Let d(i) = 62*i**2 - 87*i + 1155. Is d(-92) a composite number?
False
Let q = -424 + 426. Suppose -10*y - 7390 = -2*m - 5*y, 7390 = 2*m + q*y. Is m composite?
True
Let s be (-1)/4*2*-1404. Let c(b) = -88*b - 47. Let k be c(-11). Suppose -k - s = -3*n. Is n a prime number?
True
Is ((-14214)/92)/((-9)/1074) a prime number?
False
Let y = 2552548 + -1454649. Is y prime?
False
Suppose y - 34709 = 4*l, 69*y + l - 138887 = 65*y. Is y a prime number?
True
Suppose -w = -2*y - 1585, 0 = 5*w + 2*y - 8205 + 328. Suppose 5*p - 2*l = 2187 + 1754, 2*p - l = w. Is p prime?
True
Suppose -5*q + 335516 + 183823 = -4*h, -2*q - 4*h = -207730. Is q prime?
True
Suppose 15*u - 31*u = 0. Suppose -62*z + 52*z + 100730 = u. Is z a composite number?
True
Suppose -307*t = -314*t + 168. Suppose -t*d + 362945 = -13*d. Is d prime?
False
Let k = -46 + 44. Let c be (-2 + 4 - (2 - 20)) + k. Suppose d - 5 = c. Is d prime?
True
Suppose -5*s - 24*s + 13*s = -840016. Is s a composite number?
False
Suppose -2*w - 6 = 0, -3*d + 21 = d - 3*w. Suppose -5 + 0 = -y, 5*u = -d*y + 15. Suppose 0*m + 8*m - 4088 = u. Is m a prime number?
False
Let s = -74 - -74. Let m be 3/(-12)*s - -52*1. Let i = 99 - m. Is i composite?
False
Suppose 5*v - 15135 = 2*x + 2836, 14378 = 4*v - x. Suppose 2*r - v = -5*z, -4*z - 23*r + 2876 = -21*r. Is z a prime number?
True
Let b(r) = -5*r**2 - 694*r**3 - 122*r + 124*r - 1 + 3*r**2. Let g be b(1). Let u = 50 - g. Is u a prime number?
False
Suppose 12*l - 128639 = -5*l. Suppose -3781 = -j + 4*w, -6*j - 3*w = -8*j + l. Is j composite?
True
Suppose 14*r + 19*r - 100435 = -38593. Is r composite?
True
Is (-136622 + 0)*(-9)/12*2 a composite number?
True
Is 72/(-396) + ((-32983100)/(-44))/5 a prime number?
False
Suppose -2*v + 10200682 = 16*v + 20*v. Is v prime?
True
Suppose -2*c + 311 = -5*n, 761 = 5*c + 2*n + 2*n. Let j(m) = 2*m**2 + 5*m - 7. Let l be j(-13). Let q = c + l. Is q a prime number?
True
Is ((-40)/8 + (-6 - 3918542/(-4)))*2 composite?
True
Let x(i) = 25*i - 67 + 26*i + 46*i - 45*i. Is x(3) composite?
False
Suppose -2*r - 166 = -174, 2*h - r = 14800. Suppose -12*x - h = -24190. Is x a composite number?
False
Let a = -423095 + 694926. Is a a composite number?
True
Let t(s) = s**2 + 4057 - 9*s + 3993 - 946 - 37. Is t(0) composite?
True
Let t(m) = 11*m**2 - 4*m - 8. Suppose -3*v + 232 = 2*d, -5*v - d + 550 - 154 = 0. Let c = -89 + v. Is t(c) prime?
True
Is (-1)/(((-2)/(-3897688))/(4/(-16))) prime?
True
Suppose 55*m - 46713966 = -2790691. Is m composite?
True
Let u = -2392376 + 3437905. Is u a composite number?
False
Let k(o) = 650*o**2 - 2*o - 9. Is k(6) composite?
True
Let d = 604 + 323. Let s = d + -514. Suppose 4*l - 2489 + s = -2*b, -2*b = 8. Is l a prime number?
True
Suppose w - 94 = -5*s, w = 11*s - 10*s + 82. Suppose -p + 174 = u - w, 0 = -4*u - p + 1044. Is u prime?
False
Suppose -113*n + 120*n = -35. Let i(a) = -918*a + 89. Is i(n) a prime number?
True
Suppose 5*i - 34 - 16 = 5*w, 4*w = -4. Let x be ((54/4)/i)/((-9)/(-24)). Suppose -x*j + 6006 = 2*k - 0*j, 8965 = 3*k - 5*j. Is k composite?
True
Suppose -646*y + 143805 = -631*y. Is y a composite number?
False
Suppose 0 = -5*l - 363 + 1163. Suppose t + t + n - l = 0, -t = 2*n - 86. Let i = -11 + t. Is i a pri